alculate the highest common factor of 9 and 171.
9
Calculate the greatest common divisor of 1565 and 5.
5
What is the highest common factor of 51 and 33609?
51
Calculate the greatest common divisor of 47 and 799.
47
What is the highest common divisor of 52 and 117?
13
Calculate the greatest common divisor of 10 and 14.
2
Calculate the greatest common factor of 14499 and 243.
81
Calculate the highest common divisor of 170 and 20.
10
What is the highest common factor of 63 and 153?
9
What is the highest common factor of 1183 and 728?
91
What is the greatest common divisor of 86 and 602?
86
Calculate the greatest common divisor of 342 and 18.
18
What is the greatest common divisor of 144 and 16?
16
What is the highest common divisor of 5072 and 32?
16
Calculate the greatest common factor of 8 and 280.
8
What is the greatest common factor of 64 and 576?
64
Calculate the greatest common factor of 1029 and 189.
21
Calculate the greatest common factor of 6035 and 255.
85
What is the highest common divisor of 42 and 462?
42
Calculate the highest common factor of 48 and 12.
12
Calculate the greatest common divisor of 57 and 684.
57
What is the highest common divisor of 10063 and 29?
29
Calculate the highest common factor of 204 and 714.
102
What is the highest common divisor of 4429 and 43?
43
Calculate the highest common divisor of 5 and 80.
5
Calculate the highest common factor of 417 and 3197.
139
What is the highest common divisor of 713 and 23?
23
What is the highest common divisor of 26 and 416?
26
What is the highest common divisor of 552 and 24?
24
Calculate the highest common divisor of 528 and 4464.
48
What is the greatest common factor of 504 and 882?
126
Calculate the greatest common factor of 68 and 697.
17
Calculate the greatest common divisor of 715 and 100.
5
Calculate the highest common divisor of 4043 and 13.
13
What is the greatest common divisor of 2288 and 22?
22
What is the highest common divisor of 2954 and 14?
14
What is the greatest common factor of 2542 and 287?
41
What is the highest common factor of 737 and 201?
67
Calculate the highest common factor of 1491 and 441.
21
What is the greatest common divisor of 1104 and 72?
24
Calculate the highest common factor of 53 and 11819.
53
What is the highest common factor of 299 and 13?
13
Calculate the greatest common divisor of 297 and 352.
11
What is the greatest common divisor of 17 and 1?
1
What is the highest common divisor of 4925 and 125?
25
What is the greatest common divisor of 12 and 60?
12
What is the highest common factor of 78 and 1677?
39
Calculate the highest common factor of 120 and 1340.
20
Calculate the highest common factor of 36 and 468.
36
Calculate the highest common factor of 191 and 1528.
191
What is the highest common factor of 408 and 2193?
51
Calculate the greatest common divisor of 224 and 238.
14
Calculate the highest common divisor of 9412 and 156.
52
What is the greatest common divisor of 36 and 876?
12
Calculate the greatest common factor of 8314 and 2.
2
What is the highest common divisor of 66 and 286?
22
Calculate the highest common factor of 96 and 708.
12
Calculate the highest common factor of 1679 and 322.
23
Calculate the greatest common factor of 4 and 412.
4
What is the highest common divisor of 2985 and 45?
15
Calculate the greatest common divisor of 96 and 360.
24
What is the greatest common factor of 477 and 212?
53
What is the highest common divisor of 1551 and 132?
33
Calculate the greatest common divisor of 24 and 348.
12
Calculate the highest common divisor of 504 and 350.
14
Calculate the highest common divisor of 70 and 140.
70
Calculate the highest common factor of 123 and 1353.
123
What is the greatest common factor of 1751 and 2575?
103
What is the greatest common divisor of 8200 and 200?
200
Calculate the greatest common divisor of 17 and 1190.
17
What is the greatest common factor of 170 and 290?
10
What is the highest common factor of 140 and 4032?
28
Calculate the highest common divisor of 10763 and 47.
47
What is the greatest common divisor of 374 and 2074?
34
Calculate the greatest common factor of 6264 and 1856.
232
Calculate the greatest common divisor of 56 and 182.
14
What is the highest common factor of 650 and 150?
50
Calculate the greatest common factor of 1512 and 18.
18
Calculate the highest common factor of 104 and 14976.
104
What is the greatest common divisor of 2304 and 9?
9
Calculate the greatest common divisor of 50496 and 192.
192
Calculate the greatest common divisor of 28 and 25340.
28
What is the greatest common factor of 3577 and 219?
73
Calculate the highest common divisor of 27 and 2.
1
What is the highest common factor of 7 and 7?
7
Calculate the greatest common factor of 1060 and 100.
20
Calculate the greatest common divisor of 18 and 198.
18
What is the highest common factor of 50 and 75?
25
What is the greatest common divisor of 954 and 27?
9
Calculate the highest common divisor of 7496 and 16.
8
Calculate the greatest common divisor of 5931 and 72.
9
Calculate the greatest common divisor of 125 and 10.
5
Calculate the highest common factor of 40 and 2120.
40
Calculate the highest common divisor of 33 and 363.
33
What is the highest common factor of 70 and 560?
70
What is the highest common factor of 103 and 309?
103
What is the highest common factor of 134 and 469?
67
Calculate the greatest common divisor of 93 and 403.
31
What is the highest common divisor of 544 and 32?
32
Calculate the highest common factor of 121 and 2783.
121
What is the greatest common factor of 55 and 176?
11
Calculate the greatest common divisor of 104 and 152.
8
Calculate the greatest common divisor of 91 and 728.
91
What is the highest common factor of 240 and 15?
15
Calculate the highest common divisor of 715 and 110.
55
Calculate the highest common factor of 1 and 32.
1
Calculate the highest common factor of 297 and 3993.
33
What is the highest common factor of 2770 and 10?
10
Calculate the highest common factor of 103 and 23587.
103
What is the greatest common factor of 448 and 868?
28
What is the greatest common factor of 187 and 425?
17
What is the greatest common divisor of 345 and 138?
69
What is the greatest common divisor of 70 and 190?
10
Calculate the highest common divisor of 476 and 357.
119
Calculate the greatest common factor of 13 and 793.
13
What is the greatest common divisor of 3395 and 194?
97
What is the highest common factor of 2571 and 9?
3
Calculate the greatest common factor of 110 and 66.
22
Calculate the greatest common divisor of 88 and 1925.
11
Calculate the greatest common divisor of 297 and 108.
27
What is the highest common factor of 342 and 72?
18
What is the greatest common divisor of 588 and 1932?
84
Calculate the highest common factor of 1455 and 10.
5
What is the highest common factor of 13277 and 142?
71
What is the greatest common divisor of 1558 and 1804?
82
What is the greatest common factor of 2230 and 10?
10
Calculate the greatest common factor of 182 and 28.
14
Calculate the highest common divisor of 18 and 136.
2
Calculate the highest common divisor of 4843 and 29.
29
Calculate the greatest common divisor of 37 and 111.
37
Calculate the greatest common divisor of 7614 and 324.
162
Calculate the greatest common factor of 96 and 66336.
96
Calculate the highest common factor of 3132 and 116.
116
Calculate the greatest common factor of 8 and 2984.
8
Calculate the highest common divisor of 7695 and 285.
285
What is the highest common factor of 1 and 12?
1
Calculate the greatest common factor of 18 and 2286.
18
What is the highest common factor of 3306 and 348?
174
Calculate the highest common divisor of 323 and 4063.
17
What is the highest common divisor of 132 and 6567?
33
Calculate the greatest common divisor of 361 and 152.
19
What is the greatest common divisor of 6 and 54?
6
What is the greatest common factor of 2060 and 60?
20
Calculate the highest common divisor of 55 and 9735.
55
What is the highest common factor of 896 and 56?
56
What is the highest common factor of 3744 and 32?
32
Calculate the greatest common divisor of 7636 and 276.
92
Calculate the highest common factor of 110 and 70.
10
Calculate the highest common factor of 36 and 636.
12
What is the greatest comm